s the units digit of z?
7
Let l be (36/(-8))/(1/(-2)). Let h be ((-4)/(-18))/(1/l). Suppose k - 168 = -h*k. What is the tens digit of k?
5
Suppose 3*w + 40 = -2*w + 5*i, 5*i - 37 = 4*w. Let n = 2 - w. Suppose -20 = -2*c - 2*c - d, 2*d = c - n. What is the units digit of c?
5
Let a(k) = 1256*k + 43. What is the units digit of a(4)?
7
Suppose 0 = q - d - 9, -5*q - 9 = -q + 5*d. Let n be 2 + 1 - (5 + -1). What is the units digit of 93/q + n/4?
3
Let n(h) = h**2 - 4*h + 13. Let g be n(4). What is the tens digit of ((-93)/(-12) - -4)*(g - 1)?
4
What is the tens digit of (-1 + 0)*(-219 - 4)?
2
Let k(j) = 4*j**3 - 49*j**2 + 11*j + 48. What is the units digit of k(14)?
4
What is the hundreds digit of 2/(-14) + 199593/63 - 6?
1
What is the units digit of (-1 - (-106)/(-10))*8395/(-46)?
7
Let b(s) = 9*s**2 + 7*s + 18. What is the hundreds digit of b(10)?
9
Let q(a) = a**2 + 11*a + 50. What is the tens digit of q(-6)?
2
Let z(v) = 13*v - 29. Suppose -1 = q - 7. What is the units digit of z(q)?
9
Let v(p) = p**3 - 4*p**2 - 3*p - 3. Let n be -3*(39/9 + 1). Let d = n + 21. What is the units digit of v(d)?
7
Suppose 43*a + 36 = 37*a. Let i = -31 + 2. Let y = a - i. What is the tens digit of y?
2
Let x = -52 - -56. Let l = 64 - x. What is the tens digit of l?
6
What is the units digit of 3/(-12)*-2 - 19922/(-28)?
2
Let u be 2*-1*(0 + -1). Suppose u*r = 7*r - 15. Suppose h - 13 = -z, -r*h + 10*z - 5*z = -15. What is the tens digit of h?
1
Suppose -94 + 819 = 29*v. What is the tens digit of v?
2
Let h = 4028 + -897. What is the thousands digit of h?
3
Suppose 4*o - 89 = -5. Let x = o + -12. What is the units digit of ((-3)/x)/(4/(-48))?
4
Let d(u) = 445*u + 665. What is the thousands digit of d(7)?
3
Suppose -5*o = -0*o. Suppose 5*q - 10 - 280 = o. Let k = q - 41. What is the units digit of k?
7
Suppose -5*b = -3*a + 331, a - b = -0*a + 109. Let x = a + -41. Suppose g + k = -3 + 21, 4*g = -2*k + x. What is the units digit of g?
5
Suppose 4*x = 5*q - 38, q = -0*q + 2*x + 10. Suppose -5*i + z = 31, -5*i + 4*z - q = 13. Let g(v) = -2*v - 9. What is the units digit of g(i)?
5
Suppose -h + 16 = 2*h - 2*q, -4*h + 14 = q. Suppose 6*f = h*f + 22. What is the tens digit of f?
1
Suppose 51*t + 4500 = 55*t - 4*p, -3*t - 4*p = -3347. What is the units digit of t?
1
Let i be ((-21)/(0 + -3))/1. Suppose i*m - 3*m = 360. What is the units digit of m?
0
Let p = -25 - -33. Suppose -p - 31 = -q. What is the tens digit of q?
3
Suppose -64 = -4*s - 0*s. Let o = s - 12. What is the units digit of (-5)/(-10) - (-22)/o?
6
Suppose -2*v + 9 = -5. Suppose 0 = -12*o + v*o + 65. What is the tens digit of o?
1
Let n(d) = 546*d**2 + 9*d. What is the thousands digit of n(2)?
2
Let i be (-1042)/(-9) + 5*(-2)/(-45). Let p = i + 102. What is the tens digit of p?
1
Suppose -4*x - 3*k = -21, -3 = 2*x - 3*k - 0*k. Suppose 5*r + x*w - 78 = 2*r, r - 5*w = 56. What is the units digit of r?
1
Suppose 16973 + 28176 = 23*h. What is the tens digit of h?
6
Let d = -16 + 19. Suppose d*p - 12 - 202 = -2*b, -2*p - 4 = 0. What is the units digit of b?
0
Suppose 2*v - 5 = l, -2*v = l - 14 + 3. Suppose 0 = -2*b - 5*d + 3, v*b + d = 47 - 14. What is the units digit of b?
9
Let j = 5 + -3. Suppose 0 = j*s - 212 + 60. What is the tens digit of s?
7
Let w = 69 + -41. Suppose -4*j - w = -6*j. What is the tens digit of j?
1
Let l be 68*2*(2 - 1). Suppose k = -70 + l. What is the tens digit of k?
6
Suppose -3*j = -3 - 3. Let a be (10*j/1)/2. What is the units digit of ((-2)/(-4))/(a/180)?
9
Let x(t) = -t - 1. Suppose 0 + 3 = -2*s + h, 3 = 2*s + 5*h. Let f(i) = i**2 - i - 15. Let k(w) = s*f(w) + 2*x(w). What is the units digit of k(0)?
3
Let x(p) = 7*p - 8. Let v(k) = k + 1. Let h(c) = -4*v(c) - x(c). Let u be h(-4). Suppose -3*j = -0*j - u. What is the units digit of j?
6
Let q(w) be the third derivative of 0 - 1/2*w**4 - 5/6*w**3 + 0*w - 1/60*w**5 + w**2. What is the units digit of q(-11)?
6
Suppose -1114 = -16*u + 18758. What is the units digit of u?
2
Suppose 2*a + 18 = z, 0*a - 72 = -4*z - a. Suppose z = y - 0. What is the units digit of y?
8
Let s(a) = 38*a**2 + 2*a + 16. What is the thousands digit of s(9)?
3
Suppose -5*z + 267 = -88. Let t = 140 - z. What is the tens digit of t?
6
Suppose -194*n = -201*n + 27552. What is the tens digit of n?
3
Let d(c) = 29*c**2 + 24*c - 21. What is the tens digit of d(6)?
6
Suppose 0 = 3*x - x + 4*w - 20, -2*x = -w - 5. What is the tens digit of (x/6)/((-24)/(-3204))?
8
Let q(h) = 3*h - 13. Let w be q(11). Let l be (-26)/(4 - w/6). Let j = -11 - l. What is the tens digit of j?
2
Suppose 5*g + 278 = 1978. Suppose g = 5*t - 0*t. What is the tens digit of t?
6
What is the units digit of (-3872)/(-9) + ((-29)/9 - -3)?
0
Suppose -88*l - 6522 = -5*b - 90*l, -3*b - l + 3914 = 0. What is the thousands digit of b?
1
Suppose -2 - 6 = -2*z, -2*s + z + 6 = 0. Suppose -2*q = s*q - 287. What is the tens digit of q?
4
Let q(f) be the first derivative of f**6/360 + 11*f**5/120 + 11*f**4/24 + f**3 - 2. Let m(s) be the third derivative of q(s). What is the units digit of m(-11)?
1
What is the tens digit of (-2)/10 + 40686/30 + 1?
5
Let y(s) = -s**2 + 10*s. Let i be y(10). Let f be (0 + -4 - -3)*i. Suppose c + 4*v = 2*v + 11, f = 5*c + 3*v - 62. What is the units digit of c?
3
Let u(m) = -11*m**3 + 2*m**2 - 1. Let c be (-4)/(-5)*(-15)/6. What is the units digit of u(c)?
5
Let c be (6/(-2) + 11)/((-12)/(-18)). What is the hundreds digit of 1472/c + -3 - 3/(-9)?
1
Suppose -6*r - 13 = 7*r. Let h(k) = -252*k**3 - 2*k - 2. What is the hundreds digit of h(r)?
2
Let h = -228 - -3. Let w = 316 + h. Let s = w + -48. What is the units digit of s?
3
Let b = -41 - -54. Suppose s + 204 = b*s. What is the tens digit of s?
1
Let b = 1142 + 851. What is the tens digit of b?
9
Let y(z) = -z**3 + 12*z**2 - 8*z + 11. Let f(r) = r**2 - 8*r + 11. Let k be 46/6 + 4/12. Let w be f(k). What is the units digit of y(w)?
4
Let y(x) = 97*x**2 - 18*x + 126. What is the hundreds digit of y(6)?
5
Suppose 4*a - 10 = 18. Suppose -4*s - a = -71. What is the tens digit of s?
1
Let c(z) = -3*z**2 - z - 3. Let n be c(3). Let i = n + 65. Suppose 4*g - i - 28 = 0. What is the tens digit of g?
1
Let h(p) = -7*p**3 - p**2 - 2*p + 20. What is the hundreds digit of h(-9)?
0
Let q(m) = -26*m**2 + 11*m + 27. Let u be q(-3). Let i = -165 - u. What is the units digit of i?
5
Suppose 6*a - 15 = -3. Suppose q + 105 = a*p, 4*p + 3*q - 215 = -0*q. What is the tens digit of p?
5
Suppose m + 8 = 5*m. Suppose 0 = 3*v - 4*c - 108, 5*c - 19 = -m*v + 53. What is the tens digit of v?
3
Let p = 987 - 267. What is the units digit of p?
0
Suppose 10*x - 12*x + 8 = 0. Suppose -x*n = -n + 5*w - 58, -5*w - 89 = -4*n. What is the tens digit of n?
2
Suppose -r - 24 = 3*r. What is the units digit of 40 + (-4)/(-12)*-1*r?
2
Suppose -2*d - t = 3, 0 = 2*d + 2*t + 1 + 5. Suppose -3*i + 0*i - 3*q + 12 = d, 4*i = -q + 16. Suppose -152 = i*b - 6*b. What is the tens digit of b?
7
Suppose 5*m + z - 3571 - 987 = 0, -5*z - 4570 = -5*m. What is the units digit of m?
2
Let p be ((-1644)/(-30))/((-4)/(-10)). Suppose -p = -2*w + 3*j + 76, 4*j - 362 = -3*w. Suppose -f - 3*i = -34, -2*i + w = 3*f + i. What is the units digit of f?
0
Suppose 7*v - 10*v + 1830 = 4*x, 0 = -4*v + 4*x + 2468. What is the hundreds digit of v?
6
Let q be (-9)/(-1) - (13 - 9). Suppose 0*h + 50 = q*h. What is the tens digit of h?
1
Let p = -25 - -38. Suppose r + 0*r = -3*m + 19, -r + p = -3*m. What is the units digit of r?
6
Suppose 16 = 6*s - 8. Let z(d) = -48*d**3 - 2*d**2 - d + 2. Let c be z(2). What is the tens digit of (-2)/s - c/16?
2
Suppose -p = -4*w - 47, 3*w = w + 4. Let n = 28 - p. Let q = -12 - n. What is the units digit of q?
5
Let p = -1 + 9. Suppose 96 = p*g - 5*g. What is the units digit of g?
2
Suppose -3*p = -4*i + 4, 2*p - 2*i = -2*p - 2. Let d be (-9 + -60)*(p + -1). Suppose 5*x - 171 = d. What is the units digit of x?
8
Let p(c) = 10*c + 4. Let l(j) = 10*j + 3. Let g(y) = -3*l(y) + 2*p(y). What is the tens digit of g(-5)?
4
Let k be (-4)/8*(-16)/2. Let n be -1*(2 + -1) - -14. Suppose -n - 19 = -k*y. What is the units digit of y?
8
Suppose -w = -2*j + 3, -6 = -5*w + j + 2*j. Let h be (w/(-3))/((-2)/4). Suppose k = -0*a + h*a - 51, -3*a - k + 69 = 0. What is the units digit of a?